{"id":1080,"date":"2022-02-05T15:22:04","date_gmt":"2022-02-05T15:22:04","guid":{"rendered":"https:\/\/domaineespillier.fr\/?page_id=1080"},"modified":"2022-04-01T19:45:34","modified_gmt":"2022-04-01T19:45:34","slug":"accueil-2","status":"publish","type":"page","link":"https:\/\/domaineespillier.fr\/","title":{"rendered":"Accueil"},"content":{"rendered":"\n<div class=\"wp-block-cover alignfull is-light has-custom-content-position is-position-bottom-center\" style=\"min-height:852px;aspect-ratio:unset;\"><span aria-hidden=\"true\" class=\"has-background-dim-0 wp-block-cover__gradient-background has-background-dim\"><\/span><img loading=\"lazy\" decoding=\"async\" width=\"2048\" height=\"1366\" class=\"wp-block-cover__image-background wp-image-1964\" alt=\"\" src=\"https:\/\/i0.wp.com\/domaineespillier.fr\/wp-content\/uploads\/2022\/04\/9affa84f-d271-409e-9336-10d7ce01ef0c.jpg?resize=2048%2C1366\" style=\"object-position:51% 69%\" data-object-fit=\"cover\" data-object-position=\"51% 69%\" srcset=\"https:\/\/i0.wp.com\/domaineespillier.fr\/wp-content\/uploads\/2022\/04\/9affa84f-d271-409e-9336-10d7ce01ef0c.jpg?w=2048&amp;ssl=1 2048w, https:\/\/i0.wp.com\/domaineespillier.fr\/wp-content\/uploads\/2022\/04\/9affa84f-d271-409e-9336-10d7ce01ef0c.jpg?resize=300%2C200&amp;ssl=1 300w, https:\/\/i0.wp.com\/domaineespillier.fr\/wp-content\/uploads\/2022\/04\/9affa84f-d271-409e-9336-10d7ce01ef0c.jpg?resize=1024%2C683&amp;ssl=1 1024w, https:\/\/i0.wp.com\/domaineespillier.fr\/wp-content\/uploads\/2022\/04\/9affa84f-d271-409e-9336-10d7ce01ef0c.jpg?resize=768%2C512&amp;ssl=1 768w, https:\/\/i0.wp.com\/domaineespillier.fr\/wp-content\/uploads\/2022\/04\/9affa84f-d271-409e-9336-10d7ce01ef0c.jpg?resize=1536%2C1025&amp;ssl=1 1536w\" sizes=\"auto, (max-width: 1000px) 100vw, 1000px\" data-recalc-dims=\"1\" \/><div class=\"wp-block-cover__inner-container is-layout-flow wp-block-cover-is-layout-flow\">\n<h6 class=\"has-text-align-center has-ast-global-color-5-color has-text-color wp-block-heading\" id=\"le-plus-beau-des-souvenirs-est-celui-que-l-on-partage\" style=\"letter-spacing:2px\">Le plus beau des souvenirs est celui que l&rsquo;on partage&#8230;<\/h6>\n<\/div><\/div>\n\n\n\n<div class=\"wp-block-group alignfull has-ast-global-color-5-background-color has-background is-layout-flow wp-block-group-is-layout-flow\"><div class=\"wp-block-group__inner-container\">\n<div class=\"wp-block-columns are-vertically-aligned-center is-layout-flex wp-container-core-columns-is-layout-9d6595d7 wp-block-columns-is-layout-flex\">\n<div class=\"wp-block-column is-vertically-aligned-center is-layout-flow wp-block-column-is-layout-flow\">\n<div class=\"wp-block-cover\"><span aria-hidden=\"true\" class=\"has-background-dim-10 wp-block-cover__gradient-background has-background-dim\"><\/span><img loading=\"lazy\" decoding=\"async\" width=\"1920\" height=\"1080\" class=\"wp-block-cover__image-background wp-image-844\" alt=\"\" src=\"https:\/\/i0.wp.com\/domaineespillier.fr\/wp-content\/uploads\/2022\/01\/Accueil.jpeg?resize=1920%2C1080\" data-object-fit=\"cover\" srcset=\"https:\/\/i0.wp.com\/domaineespillier.fr\/wp-content\/uploads\/2022\/01\/Accueil.jpeg?w=1920&amp;ssl=1 1920w, https:\/\/i0.wp.com\/domaineespillier.fr\/wp-content\/uploads\/2022\/01\/Accueil.jpeg?resize=300%2C169&amp;ssl=1 300w, https:\/\/i0.wp.com\/domaineespillier.fr\/wp-content\/uploads\/2022\/01\/Accueil.jpeg?resize=1024%2C576&amp;ssl=1 1024w, https:\/\/i0.wp.com\/domaineespillier.fr\/wp-content\/uploads\/2022\/01\/Accueil.jpeg?resize=768%2C432&amp;ssl=1 768w, https:\/\/i0.wp.com\/domaineespillier.fr\/wp-content\/uploads\/2022\/01\/Accueil.jpeg?resize=1536%2C864&amp;ssl=1 1536w\" sizes=\"auto, (max-width: 1000px) 100vw, 1000px\" data-recalc-dims=\"1\" \/><div class=\"wp-block-cover__inner-container is-layout-flow wp-block-cover-is-layout-flow\">\n<div class=\"wp-block-buttons is-layout-flex wp-block-buttons-is-layout-flex\">\n<div class=\"wp-block-button aligncenter\"><a class=\"wp-block-button__link\" href=\"https:\/\/domaineespillier.fr\/?page_id=855\">Les lieux<\/a><\/div>\n<\/div>\n<\/div><\/div>\n<\/div>\n\n\n\n<div class=\"wp-block-column is-vertically-aligned-center is-layout-flow wp-block-column-is-layout-flow\">\n<div class=\"wp-block-cover\"><span aria-hidden=\"true\" class=\"has-ast-global-color-1-background-color has-background-dim-20 wp-block-cover__gradient-background has-background-dim\"><\/span><img loading=\"lazy\" decoding=\"async\" width=\"620\" height=\"928\" class=\"wp-block-cover__image-background wp-image-668\" alt=\"\" src=\"https:\/\/i0.wp.com\/domaineespillier.fr\/wp-content\/uploads\/2022\/01\/GRO8364\u00a9AudreyGros_export_2000px.jpg?resize=620%2C928\" data-object-fit=\"cover\" srcset=\"https:\/\/i0.wp.com\/domaineespillier.fr\/wp-content\/uploads\/2022\/01\/GRO8364\u00a9AudreyGros_export_2000px.jpg?w=620&amp;ssl=1 620w, https:\/\/i0.wp.com\/domaineespillier.fr\/wp-content\/uploads\/2022\/01\/GRO8364\u00a9AudreyGros_export_2000px.jpg?resize=200%2C300&amp;ssl=1 200w\" sizes=\"auto, (max-width: 620px) 100vw, 620px\" data-recalc-dims=\"1\" \/><div class=\"wp-block-cover__inner-container is-layout-flow wp-block-cover-is-layout-flow\">\n<div class=\"wp-block-group is-layout-flow wp-block-group-is-layout-flow\"><div class=\"wp-block-group__inner-container\">\n<div class=\"wp-block-buttons is-content-justification-center is-layout-flex wp-container-core-buttons-is-layout-16018d1d wp-block-buttons-is-layout-flex\">\n<div class=\"wp-block-button\"><a class=\"wp-block-button__link\" href=\"https:\/\/domaineespillier.fr\/?page_id=632\">Les prestations<\/a><\/div>\n<\/div>\n<\/div><\/div>\n<\/div><\/div>\n<\/div>\n\n\n\n<div class=\"wp-block-column is-vertically-aligned-center is-layout-flow wp-block-column-is-layout-flow\">\n<div class=\"wp-block-cover is-light\"><span aria-hidden=\"true\" class=\"has-ast-global-color-1-background-color has-background-dim-20 wp-block-cover__gradient-background has-background-dim\"><\/span><img loading=\"lazy\" decoding=\"async\" width=\"620\" height=\"928\" class=\"wp-block-cover__image-background wp-image-669\" alt=\"\" src=\"https:\/\/i0.wp.com\/domaineespillier.fr\/wp-content\/uploads\/2022\/01\/GRO8407\u00a9AudreyGros_export_2000px.jpg?resize=620%2C928\" data-object-fit=\"cover\" srcset=\"https:\/\/i0.wp.com\/domaineespillier.fr\/wp-content\/uploads\/2022\/01\/GRO8407\u00a9AudreyGros_export_2000px.jpg?w=620&amp;ssl=1 620w, https:\/\/i0.wp.com\/domaineespillier.fr\/wp-content\/uploads\/2022\/01\/GRO8407\u00a9AudreyGros_export_2000px.jpg?resize=200%2C300&amp;ssl=1 200w\" sizes=\"auto, (max-width: 620px) 100vw, 620px\" data-recalc-dims=\"1\" \/><div class=\"wp-block-cover__inner-container is-layout-flow wp-block-cover-is-layout-flow\">\n<div class=\"wp-block-group is-layout-flow wp-block-group-is-layout-flow\"><div class=\"wp-block-group__inner-container\">\n<div class=\"wp-block-buttons is-layout-flex wp-block-buttons-is-layout-flex\">\n<div class=\"wp-block-button aligncenter is-style-fill\"><a class=\"wp-block-button__link\" href=\"https:\/\/domaineespillier.fr\/?page_id=219\">Les services<\/a><\/div>\n<\/div>\n<\/div><\/div>\n<\/div><\/div>\n<\/div>\n<\/div>\n<\/div><\/div>\n\n\n\n<div class=\"wp-block-group alignfull has-ast-global-color-5-background-color has-background is-layout-flow wp-block-group-is-layout-flow\"><div class=\"wp-block-group__inner-container\">\n<div class=\"wp-block-columns is-layout-flex wp-container-core-columns-is-layout-9d6595d7 wp-block-columns-is-layout-flex\">\n<div class=\"wp-block-column is-layout-flow wp-block-column-is-layout-flow\">\n<h3 class=\"has-text-align-center wp-block-heading\" id=\"un-cadre-exceptionnel\">Un cadre exceptionnel<\/h3>\n\n\n\n<div class=\"wp-block-image\"><figure class=\"aligncenter size-full\"><img loading=\"lazy\" decoding=\"async\" width=\"200\" height=\"200\" src=\"https:\/\/i0.wp.com\/domaineespillier.fr\/wp-content\/uploads\/2022\/01\/logoEspillier-e1643581057835.png?resize=200%2C200\" alt=\"\" class=\"wp-image-983\" data-recalc-dims=\"1\"\/><\/figure><\/div>\n<\/div>\n\n\n\n<div class=\"wp-block-column is-layout-flow wp-block-column-is-layout-flow\">\n<p>Entre Martigues et Istres, sur la commune de Saint Mitre les remparts, le Domaine de l&rsquo;Espillier vous ouvre ses portes dans un cadre exceptionnel \u00e0 l&rsquo;\u00e9l\u00e9gance naturelle et verdoyante. Entre champs d&rsquo;oliviers et amandiers, le domaine s&rsquo;\u00e9tend sur cinq hectares dans un environnement au charme paisible et enchanteur dans lequel l&rsquo;\u00e9quipe du domaine est \u00e0 votre disposition afin de vous offrir un accueil simple, chaleureux et  faciliter l&rsquo;organisation et la r\u00e9alisation de votre projet priv\u00e9 ou professionnel. <\/p>\n\n\n\n<p>Un lieu charg\u00e9 d&rsquo;histoire&#8230;<\/p>\n\n\n\n<div class=\"wp-block-buttons is-layout-flex wp-block-buttons-is-layout-flex\">\n<div class=\"wp-block-button is-style-fill\"><a class=\"wp-block-button__link\" href=\"https:\/\/domaineespillier.fr\/?page_id=218\" rel=\"#\">Historique<\/a><\/div>\n<\/div>\n<\/div>\n<\/div>\n<\/div><\/div>\n\n\n\n<div class=\"wp-block-cover alignfull is-light has-parallax\" style=\"background-image:url(http:\/\/domaineespillier.fr\/wp-content\/uploads\/2022\/01\/GRO8476\u00a9AudreyGros_export_2000px.jpg);min-height:595px;aspect-ratio:unset;\"><span aria-hidden=\"true\" class=\"has-ast-global-color-1-background-color has-background-dim-40 wp-block-cover__gradient-background has-background-dim\"><\/span><div class=\"wp-block-cover__inner-container is-layout-flow wp-block-cover-is-layout-flow\">\n<h4 class=\"has-text-align-center has-white-color has-text-color wp-block-heading\" id=\"plus-qu-un-lieu-de-reception-le-domaine-de-l-espillier-est-un-lieu-de-vie-et-de-partage\">Plus qu&rsquo;un lieu de r\u00e9ception, le domaine de l&rsquo;Espillier est un lieu de vie et de partage.<\/h4>\n\n\n\n<p class=\"has-text-align-center has-white-color has-text-color\">Prenez rendez-vous pour le visiter&#8230;<\/p>\n\n\n\n<div class=\"wp-block-buttons is-horizontal is-content-justification-center is-layout-flex wp-container-core-buttons-is-layout-499968f5 wp-block-buttons-is-layout-flex\">\n<div class=\"wp-block-button is-style-fill\"><a class=\"wp-block-button__link has-ast-global-color-3-color has-ast-global-color-5-background-color has-text-color has-background\" href=\"https:\/\/domaineespillier.fr\/?page_id=639\" rel=\"#\">Contact<\/a><\/div>\n<\/div>\n<\/div><\/div>\n\n\n\n<figure class=\"wp-block-gallery aligncenter has-nested-images columns-default is-cropped wp-block-gallery-1 is-layout-flex wp-block-gallery-is-layout-flex\">\n<figure class=\"wp-block-image size-large\"><img loading=\"lazy\" decoding=\"async\" width=\"1024\" height=\"1023\" data-id=\"1450\" src=\"https:\/\/i0.wp.com\/domaineespillier.fr\/wp-content\/uploads\/2022\/02\/IMG_8070-edited.jpg?resize=1024%2C1023&#038;ssl=1\" alt=\"\" class=\"wp-image-1450\" srcset=\"https:\/\/i0.wp.com\/domaineespillier.fr\/wp-content\/uploads\/2022\/02\/IMG_8070-edited.jpg?w=1024&amp;ssl=1 1024w, https:\/\/i0.wp.com\/domaineespillier.fr\/wp-content\/uploads\/2022\/02\/IMG_8070-edited.jpg?resize=300%2C300&amp;ssl=1 300w, https:\/\/i0.wp.com\/domaineespillier.fr\/wp-content\/uploads\/2022\/02\/IMG_8070-edited.jpg?resize=150%2C150&amp;ssl=1 150w, https:\/\/i0.wp.com\/domaineespillier.fr\/wp-content\/uploads\/2022\/02\/IMG_8070-edited.jpg?resize=768%2C767&amp;ssl=1 768w\" sizes=\"auto, (max-width: 1000px) 100vw, 1000px\" data-recalc-dims=\"1\" \/><\/figure>\n\n\n\n<figure class=\"wp-block-image size-large\"><img loading=\"lazy\" decoding=\"async\" width=\"1024\" height=\"682\" data-id=\"980\" src=\"https:\/\/i0.wp.com\/domaineespillier.fr\/wp-content\/uploads\/2022\/01\/image0.jpeg?resize=1024%2C682\" alt=\"\" class=\"wp-image-980\" srcset=\"https:\/\/i0.wp.com\/domaineespillier.fr\/wp-content\/uploads\/2022\/01\/image0.jpeg?resize=1024%2C682&amp;ssl=1 1024w, https:\/\/i0.wp.com\/domaineespillier.fr\/wp-content\/uploads\/2022\/01\/image0.jpeg?resize=300%2C200&amp;ssl=1 300w, https:\/\/i0.wp.com\/domaineespillier.fr\/wp-content\/uploads\/2022\/01\/image0.jpeg?resize=768%2C512&amp;ssl=1 768w, https:\/\/i0.wp.com\/domaineespillier.fr\/wp-content\/uploads\/2022\/01\/image0.jpeg?w=1280&amp;ssl=1 1280w\" sizes=\"auto, (max-width: 1000px) 100vw, 1000px\" data-recalc-dims=\"1\" \/><\/figure>\n\n\n\n<figure class=\"wp-block-image size-large\"><img loading=\"lazy\" decoding=\"async\" width=\"1024\" height=\"1023\" data-id=\"1443\" src=\"https:\/\/i0.wp.com\/domaineespillier.fr\/wp-content\/uploads\/2022\/02\/IMG_7331-edited.jpg?resize=1024%2C1023&#038;ssl=1\" alt=\"\" class=\"wp-image-1443\" srcset=\"https:\/\/i0.wp.com\/domaineespillier.fr\/wp-content\/uploads\/2022\/02\/IMG_7331-edited.jpg?w=1024&amp;ssl=1 1024w, https:\/\/i0.wp.com\/domaineespillier.fr\/wp-content\/uploads\/2022\/02\/IMG_7331-edited.jpg?resize=300%2C300&amp;ssl=1 300w, https:\/\/i0.wp.com\/domaineespillier.fr\/wp-content\/uploads\/2022\/02\/IMG_7331-edited.jpg?resize=150%2C150&amp;ssl=1 150w, https:\/\/i0.wp.com\/domaineespillier.fr\/wp-content\/uploads\/2022\/02\/IMG_7331-edited.jpg?resize=768%2C767&amp;ssl=1 768w\" sizes=\"auto, (max-width: 1000px) 100vw, 1000px\" data-recalc-dims=\"1\" \/><\/figure>\n\n\n\n<figure class=\"wp-block-image size-large\"><img loading=\"lazy\" decoding=\"async\" width=\"1024\" height=\"683\" data-id=\"1037\" src=\"https:\/\/i0.wp.com\/domaineespillier.fr\/wp-content\/uploads\/2022\/02\/IMG_9255.jpg?resize=1024%2C683\" alt=\"\" class=\"wp-image-1037\" srcset=\"https:\/\/i0.wp.com\/domaineespillier.fr\/wp-content\/uploads\/2022\/02\/IMG_9255.jpg?resize=1024%2C683&amp;ssl=1 1024w, https:\/\/i0.wp.com\/domaineespillier.fr\/wp-content\/uploads\/2022\/02\/IMG_9255.jpg?resize=300%2C200&amp;ssl=1 300w, https:\/\/i0.wp.com\/domaineespillier.fr\/wp-content\/uploads\/2022\/02\/IMG_9255.jpg?resize=768%2C512&amp;ssl=1 768w, https:\/\/i0.wp.com\/domaineespillier.fr\/wp-content\/uploads\/2022\/02\/IMG_9255.jpg?w=1280&amp;ssl=1 1280w\" sizes=\"auto, (max-width: 1000px) 100vw, 1000px\" data-recalc-dims=\"1\" \/><\/figure>\n\n\n\n<figure class=\"wp-block-image size-large\"><img loading=\"lazy\" decoding=\"async\" width=\"1024\" height=\"1023\" data-id=\"1448\" src=\"https:\/\/i0.wp.com\/domaineespillier.fr\/wp-content\/uploads\/2022\/02\/IMG_8008-edited.jpg?resize=1024%2C1023&#038;ssl=1\" alt=\"\" class=\"wp-image-1448\" srcset=\"https:\/\/i0.wp.com\/domaineespillier.fr\/wp-content\/uploads\/2022\/02\/IMG_8008-edited.jpg?w=1024&amp;ssl=1 1024w, https:\/\/i0.wp.com\/domaineespillier.fr\/wp-content\/uploads\/2022\/02\/IMG_8008-edited.jpg?resize=300%2C300&amp;ssl=1 300w, https:\/\/i0.wp.com\/domaineespillier.fr\/wp-content\/uploads\/2022\/02\/IMG_8008-edited.jpg?resize=150%2C150&amp;ssl=1 150w, https:\/\/i0.wp.com\/domaineespillier.fr\/wp-content\/uploads\/2022\/02\/IMG_8008-edited.jpg?resize=768%2C767&amp;ssl=1 768w\" sizes=\"auto, (max-width: 1000px) 100vw, 1000px\" data-recalc-dims=\"1\" \/><\/figure>\n\n\n\n<figure class=\"wp-block-image size-full\"><img loading=\"lazy\" decoding=\"async\" width=\"1024\" height=\"682\" data-id=\"1042\" src=\"https:\/\/i0.wp.com\/domaineespillier.fr\/wp-content\/uploads\/2022\/02\/mariage-salle-de-lespillier-thomas-Paulet-13.jpg?resize=1024%2C682\" alt=\"\" class=\"wp-image-1042\" srcset=\"https:\/\/i0.wp.com\/domaineespillier.fr\/wp-content\/uploads\/2022\/02\/mariage-salle-de-lespillier-thomas-Paulet-13.jpg?w=1024&amp;ssl=1 1024w, https:\/\/i0.wp.com\/domaineespillier.fr\/wp-content\/uploads\/2022\/02\/mariage-salle-de-lespillier-thomas-Paulet-13.jpg?resize=300%2C200&amp;ssl=1 300w, https:\/\/i0.wp.com\/domaineespillier.fr\/wp-content\/uploads\/2022\/02\/mariage-salle-de-lespillier-thomas-Paulet-13.jpg?resize=768%2C512&amp;ssl=1 768w\" sizes=\"auto, (max-width: 1000px) 100vw, 1000px\" data-recalc-dims=\"1\" \/><\/figure>\n<\/figure>\n\n\n\n<div class=\"wp-block-group alignfull has-ast-global-color-4-background-color has-background is-layout-flow wp-block-group-is-layout-flow\"><div class=\"wp-block-group__inner-container\"><\/div><\/div>\n","protected":false},"excerpt":{"rendered":"<p>Un cadre exceptionnel Entre Martigues et Istres, sur la commune de Saint Mitre les remparts, le Domaine de l&rsquo;Espillier vous ouvre ses portes dans un cadre exceptionnel \u00e0 l&rsquo;\u00e9l\u00e9gance naturelle et verdoyante. Entre champs d&rsquo;oliviers et amandiers, le domaine s&rsquo;\u00e9tend sur cinq hectares dans un environnement au charme paisible et enchanteur dans lequel l&rsquo;\u00e9quipe du &hellip;<\/p>\n<p class=\"read-more\"> <a class=\"\" href=\"https:\/\/domaineespillier.fr\/\"> <span class=\"screen-reader-text\">Accueil<\/span> Lire la suite\u00a0\u00bb<\/a><\/p>\n","protected":false},"author":1,"featured_media":0,"parent":0,"menu_order":0,"comment_status":"closed","ping_status":"closed","template":"","meta":{"site-sidebar-layout":"default","site-content-layout":"default","ast-main-header-display":"","ast-hfb-above-header-display":"","ast-hfb-below-header-display":"","ast-hfb-mobile-header-display":"","site-post-title":"disabled","ast-breadcrumbs-content":"disabled","ast-featured-img":"","footer-sml-layout":"","theme-transparent-header-meta":"","adv-header-id-meta":"","stick-header-meta":"","header-above-stick-meta":"","header-main-stick-meta":"","header-below-stick-meta":"","spay_email":"","footnotes":""},"class_list":["post-1080","page","type-page","status-publish","hentry"],"_links":{"self":[{"href":"https:\/\/domaineespillier.fr\/index.php?rest_route=\/wp\/v2\/pages\/1080","targetHints":{"allow":["GET"]}}],"collection":[{"href":"https:\/\/domaineespillier.fr\/index.php?rest_route=\/wp\/v2\/pages"}],"about":[{"href":"https:\/\/domaineespillier.fr\/index.php?rest_route=\/wp\/v2\/types\/page"}],"author":[{"embeddable":true,"href":"https:\/\/domaineespillier.fr\/index.php?rest_route=\/wp\/v2\/users\/1"}],"replies":[{"embeddable":true,"href":"https:\/\/domaineespillier.fr\/index.php?rest_route=%2Fwp%2Fv2%2Fcomments&post=1080"}],"version-history":[{"count":56,"href":"https:\/\/domaineespillier.fr\/index.php?rest_route=\/wp\/v2\/pages\/1080\/revisions"}],"predecessor-version":[{"id":1965,"href":"https:\/\/domaineespillier.fr\/index.php?rest_route=\/wp\/v2\/pages\/1080\/revisions\/1965"}],"wp:attachment":[{"href":"https:\/\/domaineespillier.fr\/index.php?rest_route=%2Fwp%2Fv2%2Fmedia&parent=1080"}],"curies":[{"name":"wp","href":"https:\/\/api.w.org\/{rel}","templated":true}]}}