{"id":1429,"date":"2022-02-12T21:01:34","date_gmt":"2022-02-12T21:01:34","guid":{"rendered":"https:\/\/domaineespillier.fr\/?page_id=1429"},"modified":"2022-04-19T15:28:22","modified_gmt":"2022-04-19T15:28:22","slug":"prestataires-partenaires","status":"publish","type":"page","link":"https:\/\/domaineespillier.fr\/?page_id=1429","title":{"rendered":"Prestataires partenaires"},"content":{"rendered":"\n<div class=\"wp-block-cover alignfull is-light has-parallax\" style=\"background-image:url(http:\/\/domaineespillier.fr\/wp-content\/uploads\/2022\/01\/IMG_8197-rotated.jpg);min-height:300px;aspect-ratio:unset;\"><span aria-hidden=\"true\" class=\"has-ast-global-color-5-background-color has-background-dim-10 wp-block-cover__gradient-background has-background-dim\"><\/span><div class=\"wp-block-cover__inner-container is-layout-flow wp-block-cover-is-layout-flow\">\n<h1 class=\"has-text-align-center has-white-color has-text-color wp-block-heading\" id=\"prestataires-partenaires\">Prestataires partenaires<\/h1>\n<\/div><\/div>\n\n\n\n<div class=\"wp-block-group alignfull has-ast-global-color-5-background-color has-background is-layout-constrained wp-block-group-is-layout-constrained\"><div class=\"wp-block-group__inner-container\">\n<div class=\"wp-block-media-text alignwide has-media-on-the-right is-stacked-on-mobile\" style=\"grid-template-columns:auto 35%\"><figure class=\"wp-block-media-text__media\"><img loading=\"lazy\" decoding=\"async\" width=\"768\" height=\"1024\" src=\"https:\/\/i0.wp.com\/domaineespillier.fr\/wp-content\/uploads\/2022\/01\/IMG_8008.jpg?resize=768%2C1024\" alt=\"\" class=\"wp-image-968 size-full\" srcset=\"https:\/\/i0.wp.com\/domaineespillier.fr\/wp-content\/uploads\/2022\/01\/IMG_8008.jpg?resize=768%2C1024&amp;ssl=1 768w, https:\/\/i0.wp.com\/domaineespillier.fr\/wp-content\/uploads\/2022\/01\/IMG_8008.jpg?resize=225%2C300&amp;ssl=1 225w, https:\/\/i0.wp.com\/domaineespillier.fr\/wp-content\/uploads\/2022\/01\/IMG_8008.jpg?w=1024&amp;ssl=1 1024w\" sizes=\"auto, (max-width: 768px) 100vw, 768px\" data-recalc-dims=\"1\" \/><\/figure><div class=\"wp-block-media-text__content\">\n<h3 class=\"wp-block-heading\" id=\"traiteurs\">Traiteurs<\/h3>\n\n\n\n<p><strong>Aumer Traiteur<\/strong>, Franck &amp; Christelle Gardanne 0675972969                                                                                                               <\/p>\n\n\n\n<p><strong>La cinqui\u00e8me saison<\/strong>, Maurille Istres 0620050721<\/p>\n\n\n\n<p><strong>Le Domus<\/strong>, Vincent Calabria Martigues 0609062471<\/p>\n\n\n\n<p><strong>Provence Traiteur<\/strong>, Fr\u00e9deric Martinez Istres 0622476737<\/p>\n\n\n\n<div class=\"wp-block-buttons is-layout-flex wp-block-buttons-is-layout-flex\"><\/div>\n<\/div><\/div>\n<\/div><\/div>\n\n\n\n<div class=\"wp-block-group alignfull has-ast-global-color-5-background-color has-background is-layout-constrained wp-block-group-is-layout-constrained\"><div class=\"wp-block-group__inner-container\">\n<div class=\"wp-block-media-text alignwide is-stacked-on-mobile\"><figure class=\"wp-block-media-text__media\"><img loading=\"lazy\" decoding=\"async\" width=\"1024\" height=\"682\" src=\"https:\/\/i0.wp.com\/domaineespillier.fr\/wp-content\/uploads\/2022\/02\/image9.jpeg?resize=1024%2C682\" alt=\"\" class=\"wp-image-1043 size-full\" srcset=\"https:\/\/i0.wp.com\/domaineespillier.fr\/wp-content\/uploads\/2022\/02\/image9.jpeg?resize=1024%2C682&amp;ssl=1 1024w, https:\/\/i0.wp.com\/domaineespillier.fr\/wp-content\/uploads\/2022\/02\/image9.jpeg?resize=300%2C200&amp;ssl=1 300w, https:\/\/i0.wp.com\/domaineespillier.fr\/wp-content\/uploads\/2022\/02\/image9.jpeg?resize=768%2C512&amp;ssl=1 768w, https:\/\/i0.wp.com\/domaineespillier.fr\/wp-content\/uploads\/2022\/02\/image9.jpeg?w=1280&amp;ssl=1 1280w\" sizes=\"auto, (max-width: 1000px) 100vw, 1000px\" data-recalc-dims=\"1\" \/><\/figure><div class=\"wp-block-media-text__content\">\n<h3 class=\"wp-block-heading\" id=\"dj-animation-musicale-chanteurs\">DJ, Animation musicale, chanteurs&#8230;<\/h3>\n\n\n\n<p><strong>Julien dj<\/strong>, 0620275067 Martigues<\/p>\n\n\n\n<p><strong>Music and Band<\/strong>, 0646707284 Auriol<\/p>\n\n\n\n<p><strong>Rainier DJ<\/strong>, 0761217854 Martigues<\/p>\n\n\n\n<div class=\"wp-block-buttons is-layout-flex wp-block-buttons-is-layout-flex\"><\/div>\n<\/div><\/div>\n<\/div><\/div>\n\n\n\n<div class=\"wp-block-group alignfull has-ast-global-color-5-background-color has-background is-layout-constrained wp-block-group-is-layout-constrained\"><div class=\"wp-block-group__inner-container\"><\/div><\/div>\n\n\n\n<div class=\"wp-block-group alignfull has-ast-global-color-4-background-color has-background is-layout-constrained wp-block-group-is-layout-constrained\"><div class=\"wp-block-group__inner-container\">\n<h4 class=\"has-text-align-center wp-block-heading\" id=\"questions-frequentes\"><strong>Questions fr\u00e9quentes <\/strong><\/h4>\n\n\n\n<p class=\"has-text-align-center\"><\/p>\n\n\n\n<p><\/p>\n\n\n\n<div class=\"wp-block-columns is-layout-flex wp-container-core-columns-is-layout-9d6595d7 wp-block-columns-is-layout-flex\">\n<div class=\"wp-block-column is-layout-flow wp-block-column-is-layout-flow\">\n<h5 class=\"has-text-align-left wp-block-heading\" id=\"avons-nous-l-obligation-de-choisir-parmi-ces-partenaires\">Avons-nous l&rsquo;obligation de choisir parmi ces partenaires? <\/h5>\n\n\n\n<p class=\"has-text-align-left\">Oui, mais uniqument pour les activit\u00e9s de traiteur, DJ &amp; musiciens, sauf exception et accord expr\u00e8s du domaine de l&rsquo;Espillier.<\/p>\n\n\n\n<h5 class=\"has-text-align-left wp-block-heading\" id=\"est-ce-que-l4espillier-reste-notre-interlocuteur-unique\">Est ce que le domaine de l&rsquo;espillier est notre interlocuteur unique ?<\/h5>\n\n\n\n<p class=\"has-text-align-left\">Non, L&rsquo;Espillier n&rsquo;est pas votre interlocuteur unique. Les prestataires sont \u00e0 contacter directement par le client. La gestion de la prestation se fait entre le client et le prestataire qu&rsquo;il aura choisi. Vous ne perdez pas la main sur l&rsquo;organisation de votre mariage. Bien s\u00fbr, le domaine de l&rsquo;Espillier est \u00e0 votre disposition pour vous accompagner et faciliter l&rsquo;organisation de votre mariage si vous le souhaitez.<\/p>\n\n\n\n<h5 class=\"has-text-align-left wp-block-heading\" id=\"comment-fait-on-si-aucun-des-prestataires-imposes-n-est-disponible\">Comment fait-on si aucun des prestataires impos\u00e9s n&rsquo;est disponible ?<\/h5>\n\n\n\n<p class=\"has-text-align-left\">Le choix d&rsquo; un autre prestataire hors r\u00e9f\u00e9rencement se fera en concertation entre le Domaine de l&rsquo;Espillier et le client. <\/p>\n<\/div>\n\n\n\n<div class=\"wp-block-column is-layout-flow wp-block-column-is-layout-flow\">\n<h5 class=\"has-text-align-left wp-block-heading\" id=\"que-recouvre-en-general-la-prestation-traiteur\">Que recouvre en g\u00e9n\u00e9ral la prestation traiteur?<\/h5>\n\n\n\n<p class=\"has-text-align-left\">La prestation traiteur recouvre en g\u00e9n\u00e9ral : le rafra\u00eechissement, le cocktail ap\u00e9ritif, le repas et le dessert ainsi que le service, le nappage et le dressage des tables avec la vaisselle&#8230; pour plus d&rsquo;informations, contacter les prestataires directement.<\/p>\n\n\n\n<h5 class=\"has-text-align-left wp-block-heading\" id=\"que-recouvre-en-general-la-prestation-dj\">Que recouvre en g\u00e9n\u00e9ral la prestation DJ?<\/h5>\n\n\n\n<p class=\"has-text-align-left\">La prestation DJ recouvre en g\u00e9n\u00e9ral la musique, l&rsquo;animation et la mise en lumi\u00e8re de la salle de r\u00e9ception. Certains peuvent proposer d&rsquo;autres services compris dans leur tarif ou en option&#8230; pour plus d&rsquo;informatios, contacter les prestataires directement.<\/p>\n<\/div>\n<\/div>\n<\/div><\/div>\n","protected":false},"excerpt":{"rendered":"<p>Traiteurs Aumer Traiteur, Franck &amp; Christelle Gardanne 0675972969 La cinqui\u00e8me saison, Maurille Istres 0620050721 Le Domus, Vincent Calabria Martigues 0609062471 Provence Traiteur, Fr\u00e9deric Martinez Istres 0622476737 DJ, Animation musicale, chanteurs&#8230; Julien dj, 0620275067 Martigues Music and Band, 0646707284 Auriol Rainier DJ, 0761217854 Martigues Questions fr\u00e9quentes Avons-nous l&rsquo;obligation de choisir parmi ces partenaires? Oui, mais uniqument &hellip;<\/p>\n<p class=\"read-more\"> <a class=\"\" href=\"https:\/\/domaineespillier.fr\/?page_id=1429\"> <span class=\"screen-reader-text\">Prestataires partenaires<\/span> Lire la suite\u00a0\u00bb<\/a><\/p>\n","protected":false},"author":1,"featured_media":0,"parent":0,"menu_order":0,"comment_status":"closed","ping_status":"closed","template":"","meta":{"site-sidebar-layout":"default","site-content-layout":"default","ast-main-header-display":"","ast-hfb-above-header-display":"","ast-hfb-below-header-display":"","ast-hfb-mobile-header-display":"","site-post-title":"disabled","ast-breadcrumbs-content":"disabled","ast-featured-img":"","footer-sml-layout":"","theme-transparent-header-meta":"","adv-header-id-meta":"","stick-header-meta":"","header-above-stick-meta":"","header-main-stick-meta":"","header-below-stick-meta":"","spay_email":"","footnotes":""},"class_list":["post-1429","page","type-page","status-publish","hentry"],"_links":{"self":[{"href":"https:\/\/domaineespillier.fr\/index.php?rest_route=\/wp\/v2\/pages\/1429","targetHints":{"allow":["GET"]}}],"collection":[{"href":"https:\/\/domaineespillier.fr\/index.php?rest_route=\/wp\/v2\/pages"}],"about":[{"href":"https:\/\/domaineespillier.fr\/index.php?rest_route=\/wp\/v2\/types\/page"}],"author":[{"embeddable":true,"href":"https:\/\/domaineespillier.fr\/index.php?rest_route=\/wp\/v2\/users\/1"}],"replies":[{"embeddable":true,"href":"https:\/\/domaineespillier.fr\/index.php?rest_route=%2Fwp%2Fv2%2Fcomments&post=1429"}],"version-history":[{"count":19,"href":"https:\/\/domaineespillier.fr\/index.php?rest_route=\/wp\/v2\/pages\/1429\/revisions"}],"predecessor-version":[{"id":1981,"href":"https:\/\/domaineespillier.fr\/index.php?rest_route=\/wp\/v2\/pages\/1429\/revisions\/1981"}],"wp:attachment":[{"href":"https:\/\/domaineespillier.fr\/index.php?rest_route=%2Fwp%2Fv2%2Fmedia&parent=1429"}],"curies":[{"name":"wp","href":"https:\/\/api.w.org\/{rel}","templated":true}]}}